
False
Is 85478135 a multiple of 53?
True
Is 69 a factor of 238770599?
False
Does 2626 divide 216856953?
False
Does 1415 divide 28572529?
False
Does 233 divide 7541838?
False
Is 3687 a factor of 1367618910?
True
Is 68201490 a multiple of 210?
True
Does 1272 divide 10144200?
True
Does 9865 divide 537188710?
True
Is 154043180 a multiple of 13?
False
Is 25 a factor of 1017473725?
True
Is 206846828 a multiple of 545?
False
Is 10243768 a multiple of 12?
False
Is 903 a factor of 48362874?
True
Is 278 a factor of 699055464?
True
Is 10281362 a multiple of 10?
False
Is 619352408 a multiple of 821?
False
Does 105 divide 16346917?
False
Is 1328 a factor of 94164756?
False
Is 709911405 a multiple of 9?
True
Does 327 divide 3443590262?
False
Is 624 a factor of 26249808?
True
Does 16 divide 8985152?
True
Is 62 a factor of 9435222?
True
Does 13 divide 8425179?
False
Is 27762075 a multiple of 165?
True
Does 21 divide 651698778?
False
Is 9 a factor of 105825834?
True
Does 32 divide 59429446?
False
Does 16 divide 470968291?
False
Does 261 divide 27327483?
True
Is 114 a factor of 11826607?
False
Is 878 a factor of 255385000?
False
Does 753 divide 66886804?
False
Does 86 divide 7673103?
False
Does 1756 divide 4448092?
False
Does 4889 divide 211726281?
False
Is 3515 a factor of 65530145?
True
Does 202 divide 29642072?
False
Is 130139836 a multiple of 52?
False
Is 5990489461 a multiple of 1207?
True
Is 30984577 a multiple of 4?
False
Does 42 divide 193311930?
True
Does 68 divide 144179664?
False
Is 56204480 a multiple of 235?
True
Is 7 a factor of 89685095?
False
Does 11 divide 12674648?
False
Is 142 a factor of 39698152?
False
Is 417093600 a multiple of 96?
True
Does 1092 divide 185846980?
False
Is 1169410292 a multiple of 325?
False
Is 11 a factor of 88906978?
False
Is 6732048 a multiple of 8?
True
Is 281675879 a multiple of 9?
False
Does 44 divide 1727776983?
False
Is 8071200 a multiple of 5?
True
Does 217 divide 16450404?
False
Is 2024680996 a multiple of 1084?
False
Does 2712 divide 624428403?
False
Does 693 divide 1293815061?
True
Is 1398 a factor of 154390589?
False
Does 21 divide 162453818?
False
Does 35 divide 21564432?
False
Does 491 divide 164383421?
False
Is 252996189 a multiple of 1303?
False
Is 407963441 a multiple of 42?
False
Is 3347 a factor of 128345432?
False
Is 33333300 a multiple of 90?
True
Does 4 divide 9696596?
True
Is 454038489 a multiple of 654?
False
Does 159 divide 169725663?
True
Does 4 divide 413932?
True
Does 41 divide 3014168792?
True
Is 98085724 a multiple of 15?
False
Is 52 a factor of 135764668?
True
Does 526 divide 514841962?
True
Does 19 divide 136876944?
False
Is 81211388 a multiple of 95?
False
Is 172251072 a multiple of 84?
True
Does 8 divide 117175469?
False
Is 3341497 a multiple of 317?
True
Is 24 a factor of 1888951588?
False
Is 3799890 a multiple of 565?
False
Is 2558572842 a multiple of 558?
False
Does 3159 divide 32455566?
True
Is 1142 a factor of 187708449?
False
Is 330709422 a multiple of 1509?
True
Does 5 divide 160544774?
False
Is 76 a factor of 8130223?
False
Does 10 divide 165492460?
True
Is 675 a factor of 40711275?
True
Does 2628 divide 89672616?
True
Does 19 divide 719492075?
False
Is 1204643564 a multiple of 1606?
False
Is 39171456 a multiple of 64?
True
Does 890 divide 60161330?
True
Does 223 divide 145155071?
False
Does 6026 divide 1152218926?
False
Does 12 divide 11384726?
False
Is 1555 a factor of 11517779?
False
Is 4813 a factor of 1655145910?
False
Is 837 a factor of 2635761521?
False
Does 535 divide 71144111?
False
Does 28 divide 168024980?
False
Does 4930 divide 1994202754?
False
Does 129 divide 4229436828?
True
Is 48 a factor of 5475459264?
True
Does 2 divide 194543440?
True
Is 46481545 a multiple of 605?
True
Does 57 divide 13762194?
True
Does 22 divide 143344410?
True
Is 307603 a multiple of 8?
False
Is 843 a factor of 12308076?
False
Does 354 divide 791359275?
False
Is 489584160 a multiple of 104?
True
Does 44 divide 50901180?
True
Is 210 a factor of 18085017?
False
Is 866 a factor of 811100852?
False
Is 1239450202 a multiple of 6739?
False
Is 1135947097 a multiple of 24?
False
Does 59 divide 9757727?
False
Does 20 divide 9807020?
True
Does 52 divide 5680168?
True
Does 7 divide 20882312?
False
Is 39 a factor of 419175549?
True
Is 55458750 a multiple of 750?
True
Is 1124 a factor of 54475784?
True
Is 63563753 a multiple of 10?
False
Does 20 divide 105679442?
False
Is 1267015456 a multiple of 9184?
True
Does 26 divide 3125849?
False
Is 228246620 a multiple of 133?
True
Does 201 divide 1241707047?
True
Does 42 divide 17299492?
False
Is 77 a factor of 111600181?
True
Does 3986 divide 345745640?
True
Does 42 divide 874384560?
True
Is 13 a factor of 31752407?
False
Is 14612198 a multiple of 17?
False
Is 43 a factor of 345507216?
False
Is 37 a factor of 13411843?
False
Is 8 a factor of 52869528?
True
Is 764992768 a multiple of 2532?
False
Does 163 divide 137218290?
True
Does 245 divide 350806190?
True
Does 46 divide 394836768?
True
Is 124 a factor of 98078668?
True
Is 1084 a factor of 204400102?
False
Is 36258495 a multiple of 91?
True
Is 1095 a factor of 54495960?
True
Is 4995 a factor of 665044290?
True
Does 2101 divide 1716432960?
True
Is 22 a factor of 1394174?
False
Is 2109 a factor of 1451452745?
False
Is 6169 a factor of 126170140?
False
Is 710518119 a multiple of 11?
False
Does 4 divide 42808632?
True
Is 204060554 a multiple of 8?
False
Is 594 a factor of 298580634?
True
Is 357912853 a multiple of 8?
False
Is 28 a factor of 42614320?
True
Does 11 divide 64653274?
False
Does 910 divide 167465927?
False
Does 13 divide 3679661938?
False
Is 1038716 a multiple of 28?
True
Does 923 divide 240502418?
True
Is 324 a factor of 818385444?
True
Does 33 divide 321294732?
True
Is 62 a factor of 4535449421?
False
Is 287498747 a multiple of 2329?
True
Does 97 divide 187040735?
True
Does 36 divide 87215270?
False
Does 506 divide 221791199?
False
Is 19 a factor of 12639085?
True
Is 22 a factor of 28245514?
True
Does 1090 divide 32455128?
False
Is 47 a factor of 103671801?
True
Is 251 a factor of 849050039?
False
Is 337132700 a multiple of 10?
True
Is 85492818 a multiple of 57?
True
Does 1599 divide 1567437339?
True
Does 27 divide 1457107007?
False
Is 5774040 a multiple of 12?
True
Is 13 a factor of 585998816?
True
Is 49 a factor of 68741169?
True
Is 13 a factor of 9033297?
True
Does 558 divide 4469022?
True
Does 462 divide 40883068?
False
Is 57827160 a multiple of 1719?
True
Is 1726445152 a multiple of 166?
True
Is 628 a factor of 166851099?
False
Is 116392647 a multiple of 21?
True
Is 200786284 a multiple of 2?
True
Is 610804060 a multiple of 20?
True
Is 41490285 a multiple of 867?
True
Is 177134921 a multiple of 1260?
False
Is 41 a factor of 71817253?
False
Is 64 a factor of 4857978?
False
Does 3 divide 15993284?
False
Does 3544 divide 102342442?
False
Does 1120 divide 455081761?
False
Does 5 divide 845660?
True
Does 53 divide 815587426?
True
Is 31 a factor of 25138034?
False
Is 58 a factor of 417072142?
True
Does 113 divide 24358619?
True
Is 26 a factor of 38331358?
True
Does 563 divide 1688596?
False
Does 494 divide 587931659?
False
Does 168 divide 66465504?
True
Does 7 divide 420443723?
True
Does 8 divide 308511472?
True
Is 34 a factor of 148491331?
False
Does 63 divide 62478384?
False
Does 15 divide 596025?
True
Is 758 a factor of 24528880?
True
Is 138753653 a multiple of 906?
False
Does 525 divide 13334475?
True
Is 2701 a factor of 29181604?
True
Is 384 a factor of 28517760?
True
Is 125562927 a multiple of 21?
True
Is 384452115 a multiple of 15?
True
Is 16 a factor of 8548272?
True
Is 235689136 a multiple of 8?
True
Does 1459 divide 40264799?
False
Is 2759646 a multiple of 393?
True
Is 302 a factor of 2167756?
True
Does 3061 divide 884148423?
True
Is 7 a factor of 19504051?
True
Is 69 a factor of 509106840?
True
Does 8 divide 354174491?
False
Is 79087593 a multiple of 39?
True
Is 14 a factor of 32356758?
True
Is 9 a factor of 12240902?
False
Is 21 a factor of 881251381?
False
Does 19 divide 131272634?
True
Is 1354560400 a multiple of 80?
True
Is 193914721 a multiple of 11?
True
Does 3971 divide 532975707?
True
Is 5019 a factor of 153246343?
False
Is 3059587126 a multiple of 1017?
False
Is 649 a factor o